et q(h) = -h**3 - h**2 - 2*h - 1. Let i be q(-1). Let w(b) = -4*b - 1. Let z(o) = -o. Let l(x) = i*w(x) - 3*z(x). Calculate l(3).
-4
Suppose 5*c + 35 = 5*h, -4*c - 26 = -0*c - 2*h. Let i(o) = 7*o**2 - 5 + o**3 - 4*o**2 + 3*o**2. Give i(c).
-5
Let i = 65 - 59. Let r(b) be the second derivative of 0 + 1/3*b**3 + i*b - 1/2*b**2. Determine r(5).
9
Suppose 0 = -42*d + 33*d - 18. Let j(x) = -3 - 2*x + 0 + 1. What is j(d)?
2
Let j be (-16)/(-6)*(0 - -3). Let z be 70/8 + (-6)/j. Let o(i) = -i + 8. Calculate o(z).
0
Let m(o) = -o**2 - 2*o - 6. Let h be m(0). Let l(x) = x**3 + 7*x**2 + 4*x + 5. Give l(h).
17
Suppose 3*v - 10 = 5. Let g(h) = 1. Let a(p) = p - 6. Let n(u) = -a(u) - 5*g(u). Give n(v).
-4
Suppose 55*v - 5*v = 400. Let i(m) = -5*m + 1. Calculate i(v).
-39
Let h(u) = -2*u**3 - 4*u**2 - 3*u - 1. Let o = -293 + 290. Give h(o).
26
Let k(c) be the second derivative of c**3/6 + 10*c**2 + 67*c + 2. What is k(-5)?
15
Let s(c) = -12*c**2 - c + 8 - 11 + 4. Determine s(1).
-12
Let q(m) = -m + 3. Let j be 2 - (-2)/(-2) - -19. Suppose 0 = -3*i - i + 20, y = 4*i - j. Suppose y = g - 5*g + 24. Give q(g).
-3
Let d be (-33)/(13/((-130)/30)). Let a(x) = x**2 - 8*x - 29. Give a(d).
4
Let d(h) = -21 + 12 - 9*h - h - 3*h**2 + 10. Let s(l) = 8*l**2 + 30*l - 3. Let u(g) = -11*d(g) - 4*s(g). Calculate u(10).
1
Let w(o) = -o**2 - 10*o + 8. Let v be ((-1)/2)/((-27)/18)*-33. Calculate w(v).
-3
Let u(h) be the second derivative of h**4/12 - h**3/2 + h**2 - 122*h. Determine u(2).
0
Let v(z) = 7*z + 8. Let y(q) = q - 5. Let o(n) = -v(n) - 3*y(n). Give o(2).
-13
Let s = -83 - -86. Let d(v) = -4*v**2 + 3*v + 1. Give d(s).
-26
Suppose 0 = -56*l + 9*l + 141. Let s(x) = x**2 - 3*x + 3. Give s(l).
3
Let z(s) be the second derivative of -s**3/3 - 7*s**2/2 - 375*s. Let f be (26/6 + -2)*-3. What is z(f)?
7
Let c(m) be the second derivative of m**5/20 + 7*m**4/4 - m**3/6 - 9*m**2 + 110*m. What is c(-21)?
3
Let p = -13 + 8. Let g(h) = h**2 - h - 1. Let k(f) = -f**2 + 6*f + 5. Let d(l) = -2*g(l) - k(l). Determine d(p).
-8
Let r = 8 + -8. Suppose r = -v + 5*v + 12. Let x = v - -8. Let i(w) = -w**2 + 4*w - 5. Give i(x).
-10
Let a(l) = -l + 7. Let p(o) = -o**2 - 4*o. Let q be -1*4/((-12)/(-9)). Let m be p(q). Suppose m*v = 5*r + 42, 0 = -2*r - r - v - 14. What is a(r)?
13
Let q be -4*((-225)/(-20))/(-9). Let y(z) = -3 - q + 0 - 120*z + 121*z. Give y(4).
-4
Let d(o) = 2*o**2 + 2 + 13*o - 2 + 21*o - 1 - 29*o. Let x = -3 + 5. Let f = x + -6. What is d(f)?
11
Let s be (10/(-4))/(1/2). Let q(m) = 5*m + 24. Let j(t) = t + 5. Suppose -7*v + 2*v + 3*i = 61, 2*v = 4*i - 30. Let p(u) = v*j(u) + 2*q(u). Give p(s).
-2
Let r(s) be the third derivative of s**3/6 + s**2. Let o(g) = g**2 - 4*g - 6. Let d be o(5). Let y(f) = -f - 1. Let i(v) = d*r(v) - 3*y(v). Determine i(-4).
-10
Let k(f) be the first derivative of f**2/2 - 17*f - 168. Give k(11).
-6
Let z(s) = 2*s**2 + 5*s + 17. Let x(o) = -o**2 - 3*o - 9. Let f(i) = -7*x(i) - 4*z(i). Give f(0).
-5
Let v(f) be the first derivative of -6 - 4/3*f**3 - 1/4*f**4 - f - 3/2*f**2. Determine v(-3).
-1
Let n(j) = -32*j**2 + 70*j**2 - 3 - 37*j**2 - 1 - 8*j. Give n(7).
-11
Let r(s) = s - 5. Suppose -3 = 3*q - 3*m, 5*m + 21 = -3*q + 2*m. Let i be 15/(6*(-3 - -2)/q). Give r(i).
5
Suppose 3*b - 80 = -2*b. Suppose 2*r - b = -8. Let d(y) = y**3 - 4*y**2 - 3*y - 5. Calculate d(r).
-17
Let t(m) = m - 19. Let g be t(0). Suppose q - 8 = -30. Let c = q - g. Let o(a) = 5*a + 3. Calculate o(c).
-12
Let j be (60/(-144)*6)/((-1)/(-2)). Let k(y) = y**2 + 5*y + 5. Calculate k(j).
5
Suppose -42 = -5*n - 12. Suppose h - 28 - n = 0. Suppose f = -z - 8, -h = 2*z + 3*z + 2*f. Let v(m) = m**3 + 5*m**2 - 6*m - 1. Determine v(z).
-1
Let o(p) be the first derivative of -4*p**3/3 - 23*p**2 - 14*p - 256. Calculate o(-11).
8
Let c be 12/(-8)*16/(-3). Let n(h) be the first derivative of h**3/3 - 4*h**2 - 2*h - 92. What is n(c)?
-2
Let b(y) = 7*y**2 - 2*y - 1. Let o(a) = a + 11. Let g be o(-8). Suppose s - 3*h + 3 + 4 = 0, g*h = 6. Give b(s).
8
Let q = -68 - -115. Let m(o) = -3 - q*o**2 + 91*o**2 + o - 47*o**2 + o**3. Let w be 4/(-6)*36/(-8). Calculate m(w).
0
Let o(u) = -3*u**2 + 21*u + 49. Let h be o(9). Let j(q) = q**3 + 5*q**2 - q - 6. Determine j(h).
-1
Let n(p) = -23*p - 2 + 4*p + 6*p**2 + 21*p. Calculate n(-2).
18
Let w(r) = -2*r**3 - 7*r**2 - 5*r + 3. Suppose -4*t = 12, -4*t = -2*x - 15 + 19. Determine w(x).
39
Let w be (-9)/6*31/(-93). Let a(s) be the first derivative of 5*s + w*s**2 + 3. Give a(-6).
-1
Let c(f) = f**2 - 12*f - 11. Suppose -14 = -p - 1. Calculate c(p).
2
Let g(z) = -24*z - 4. Let p be g(0). Let j(t) = 2*t**2 + 4*t + 5. What is j(p)?
21
Let o(k) = k**3 + 2*k**2 - 3*k + 1. Let d be o(-3). Let q = -37 + 39. Let z = q + d. Let r(c) = -c - 3. Give r(z).
-6
Let v(n) be the second derivative of 5/4*n**4 - 16*n + 1/2*n**2 + 1/3*n**3 + 0. Calculate v(-1).
14
Let a(b) be the second derivative of -b**8/6720 - b**7/630 - b**6/180 - b**5/40 + 5*b**4/3 + 24*b. Let u(h) be the third derivative of a(h). Give u(-3).
0
Let s(w) = -w**2 - 19*w - 27. Let j(c) = -2*c**2 + 2*c - 5. Let m be j(3). Let v be s(m). Let n(q) = q**3 - 8*q**2 + 7*q - 1. Calculate n(v).
-1
Suppose 0 = 8*c - 8 - 8. Let m(u) be the first derivative of 0*u**c - u - 3 + 4/3*u**3. Calculate m(2).
15
Let g(l) = 2*l + 1. Let m(c) = 0 + 0*c + 1 + c. Let x(p) = -3*g(p) + 5*m(p). Determine x(5).
-3
Let c(k) = k**2 + 2*k. Suppose 0 = 55*g - 12*g - 43. What is c(g)?
3
Suppose 5*d - 11 - 9 = 0. Let x(o) = 2 - o**2 - 7 + d*o + 2*o. Suppose 5*q - 4*q + 30 = 5*j, j + 5*q = -20. What is x(j)?
0
Let a(l) be the first derivative of 5 - 4*l + 1/2*l**2. Give a(7).
3
Let w be 0/(-2) - (40 - 33). Let r(i) = i**3 + 7*i**2 - i - 6. What is r(w)?
1
Let c(k) = 2*k**2 + 3*k + 4. Let a be c(-2). Suppose a + 2 = -4*d. Let u(l) = 4*l**2 + 3*l + 3. Determine u(d).
13
Let w = 3 - 6. Let c(z) = z**2 + z. Let k(m) be the third derivative of m**6/120 + m**5/20 + m**4/24 - m**3/2 - 11*m**2. Let x(h) = c(h) + k(h). What is x(w)?
0
Suppose 0 = 10*i + i - 11. Let y(d) = 10*d - i + 9*d - 23*d. Calculate y(-3).
11
Let y(t) = 6 + 43*t - t**3 - 65*t - 13*t**2 - 1 + 1. Give y(-11).
6
Let x(v) = 4*v**2 - 3*v + 4. Let u(w) = w**2 - w + 1. Let i(t) = -3*u(t) + x(t). Let n = -32 - -64. Suppose 0 = 3*y - n + 38. Calculate i(y).
5
Let m = -115 - -117. Let j(y) be the second derivative of -4*y + 7/6*y**3 + 1/12*y**4 + 0 + 2*y**m. Calculate j(-5).
-6
Let w(u) = u**2 - u - 1. Suppose -c + 0*c + 2*n = 6, c + n - 3 = 0. Suppose -i - 3*y = -4*i - 45, c = -y - 1. Let d = i - -15. What is w(d)?
1
Let q(b) = -b**3 + 4*b**2 - 3. Let k(l) = -11*l - 205. Let o be k(-19). Calculate q(o).
-3
Let k(v) = 3 + 1 + 4 - 7. Let c(y) = y**2 + 5*y - 6. Let z(x) = c(x) + 6*k(x). Let n(g) = g**3 - g - 5. Let q be n(0). Determine z(q).
0
Let c(y) = -y**3 + y**2 + 2*y - 2. Let f be 4 - (-4)/(-4)*8. Let x(z) = 8*z - 1. Let v be x(f). Let w = v - -35. Calculate c(w).
-2
Let z(r) = -7*r**2 + 1. Let s(o) = -2*o**3 + 2*o + 1. Let k(h) = -3*h**2 - 3*h + 3. Let j be k(1). Let t be 1 + 0 + 1 + j. Let d be s(t). Calculate z(d).
-6
Let t(d) = 50*d**2 + d + 5. Let m(p) = 23*p**2 + p + 3. Let o(x) = -13*m(x) + 6*t(x). What is o(8)?
-1
Let f = -152 - -157. Let m(q) be the third derivative of 3*q**2 + 0*q**4 - 1/3*q**3 + 0*q + 1/60*q**f + 0. Give m(2).
2
Let h(y) = -y**3 + 4*y**2 + 11*y - 20. Let s be h(5). Let i(c) = 5 + c + 10*c - s*c + 3. Determine i(-6).
2
Let a(v) = -2*v. Let s(n) be the first derivative of -n**2 + 2. Let u(f) = 4*a(f) - 6*s(f). Suppose 6 = -2*h + 4. Determine u(h).
-4
Let p(d) = -4*d**3 - 2*d**2 - 5*d + 5. Let j(q) = 3*q**3 + q**2 + 4*q - 5. Let s(b) = -5*j(b) - 4*p(b). Let u = 21 - 18. Let w be 8/(4 - u - 3). Give s(w).
-11
Let z be (-34)/(-9) + (-12)/(-54). Let c(v) = v + 4. Let g be c(z). Let m(l) = -21*l + g*l + 10*l + 1 + 2*l. Give m(5).
-4
Suppose -4*p - 36 = -0*p + y, -38 = 5*p + 3*y. Let r be (-1)/2 + (-27)/(-2). Let h = p + r. Let b(z) = z**2 + 1. Give b(h).
10
Let j(b) = -6*b**2 - 8*b - 3. Let l(z) = 13*z**2 + 16*z + 7. Let f(n) = 9*j(n) + 4*l(n). Determine f(-7).
-41
Let h(j) = 7*j**3 - 2*j**2 - 12*j - 11. Let o(i) = 4*i**3 - i**2 - 7*i - 6. Let t(s) = -3*h(s) + 5*o(s). Determine t(0).
3
Let j(b) be the third derivative of -b**5/40 - b**4/8 - 9*b**3/2 + 8*b**2. L